{"id":1515,"date":"2019-04-10T11:06:19","date_gmt":"2019-04-10T11:06:19","guid":{"rendered":"https:\/\/aids-hilfe-freiburg.de\/je-suis-positif\/conseil-accompagnement-et-aides"},"modified":"2022-04-29T10:11:56","modified_gmt":"2022-04-29T10:11:56","slug":"conseil-accompagnement-et-aides","status":"publish","type":"page","link":"https:\/\/aids-hilfe-freiburg.de\/fr\/je-suis-positif\/conseil-accompagnement-et-aides\/","title":{"rendered":"Conseil, accompagnement et aides"},"content":{"rendered":"\t\t<div data-elementor-type=\"wp-post\" data-elementor-id=\"1515\" class=\"elementor elementor-1515 elementor-545\" data-elementor-post-type=\"page\">\n\t\t\t\t\t\t<section data-particle_enable=\"false\" data-particle-mobile-disabled=\"false\" class=\"elementor-section elementor-top-section elementor-element elementor-element-b85d6bf elementor-section-boxed elementor-section-height-default elementor-section-height-default\" data-id=\"b85d6bf\" data-element_type=\"section\">\n\t\t\t\t\t\t<div class=\"elementor-container elementor-column-gap-default\">\n\t\t\t\t\t<div class=\"elementor-column elementor-col-100 elementor-top-column elementor-element elementor-element-01e0bf7\" data-id=\"01e0bf7\" data-element_type=\"column\">\n\t\t\t<div class=\"elementor-widget-wrap elementor-element-populated\">\n\t\t\t\t\t\t<div class=\"elementor-element elementor-element-99d8509 elementor-widget elementor-widget-heading\" data-id=\"99d8509\" data-element_type=\"widget\" data-widget_type=\"heading.default\">\n\t\t\t\t<div class=\"elementor-widget-container\">\n\t\t\t\t\t<h4 class=\"elementor-heading-title elementor-size-default\">Conseil, accompagnement et aides<\/h4>\t\t\t\t<\/div>\n\t\t\t\t<\/div>\n\t\t\t\t\t<\/div>\n\t\t<\/div>\n\t\t\t\t\t<\/div>\n\t\t<\/section>\n\t\t\t\t<section data-particle_enable=\"false\" data-particle-mobile-disabled=\"false\" class=\"elementor-section elementor-top-section elementor-element elementor-element-84c1973 elementor-section-boxed elementor-section-height-default elementor-section-height-default\" data-id=\"84c1973\" data-element_type=\"section\">\n\t\t\t\t\t\t<div class=\"elementor-container elementor-column-gap-default\">\n\t\t\t\t\t<div class=\"elementor-column elementor-col-66 elementor-top-column elementor-element elementor-element-c0ede96\" data-id=\"c0ede96\" data-element_type=\"column\">\n\t\t\t<div class=\"elementor-widget-wrap elementor-element-populated\">\n\t\t\t\t\t\t<div class=\"elementor-element elementor-element-0a3e0c6 elementor-widget elementor-widget-image\" data-id=\"0a3e0c6\" data-element_type=\"widget\" data-widget_type=\"image.default\">\n\t\t\t\t<div class=\"elementor-widget-container\">\n\t\t\t\t\t\t\t\t\t\t\t\t\t\t\t<img fetchpriority=\"high\" decoding=\"async\" width=\"800\" height=\"440\" src=\"https:\/\/aids-hilfe-freiburg.de\/wp-content\/uploads\/2018\/10\/beratung_begleitung.jpg\" class=\"attachment-large size-large wp-image-1430\" alt=\"Beratungssituation mit zwei Personen\" srcset=\"https:\/\/aids-hilfe-freiburg.de\/wp-content\/uploads\/2018\/10\/beratung_begleitung.jpg 800w, https:\/\/aids-hilfe-freiburg.de\/wp-content\/uploads\/2018\/10\/beratung_begleitung-300x165.jpg 300w, https:\/\/aids-hilfe-freiburg.de\/wp-content\/uploads\/2018\/10\/beratung_begleitung-768x422.jpg 768w\" sizes=\"(max-width: 800px) 100vw, 800px\" \/>\t\t\t\t\t\t\t\t\t\t\t\t\t\t\t<\/div>\n\t\t\t\t<\/div>\n\t\t\t\t<div class=\"elementor-element elementor-element-b1e4dbd elementor-widget elementor-widget-text-editor\" data-id=\"b1e4dbd\" data-element_type=\"widget\" data-widget_type=\"text-editor.default\">\n\t\t\t\t<div class=\"elementor-widget-container\">\n\t\t\t\t\t\t\t\t\t<p><strong>pour les personnes vivant avec le VIH\/sida ou d\u2019autres infections sexuellement transmissibles (IST)<\/strong><\/p>\n<p>Nous conseillons et accompagnons les personnes vivant avec le VIH\/sida ou d\u2019autres infections sexuellement transmissibles (IST) dans toutes les phases de leur maladie (chronique). Leurs proches peuvent aussi profiter de nos services de conseil. Voici ce que nous vous proposons\u00a0:<\/p>\n<p>-conseil en droit social <em>(\u00ab\u00a0Sozialgesetzbuch\u00a0\u00bb, Code allemand de la s\u00e9curit\u00e9 sociale, livres\u00a0 II, V, VI, XI et XII)<\/em>,<\/p>\n<p>-conseil sur les questions m\u00e9dicales autour du VIH et des IST,<\/p>\n<p>-conseil\u00a0 psychosocial <em>(p. ex. diagnostic initial, couple et famille, VIH et carri\u00e8re, sant\u00e9 mentale et bien plus encore)<\/em>,<\/p>\n<p>-accompagnement et aides dans des \u00e9tapes particuli\u00e8res de la vie <em>(p. ex. graves probl\u00e8mes de sant\u00e9, difficult\u00e9s financi\u00e8res et minimum vital, tournants de la vie professionnelle, vivre avec le VIH et vieillir, grossesse et accouchement, fuite et migration, p\u00e9riode de transition vers des soins ou une assistance en institution, accompagnement en prison, etc.)<\/em>.<\/p>\n<p>Nous sommes soumis au secret professionnel selon le \u00a7 203 du \u00ab\u00a0Strafgesetzbuch\u00a0\u00bb (Code p\u00e9nal allemand) et nous vous garantissons le plus strict anonymat. Merci de <strong>prendre rendez-vous<\/strong> \u00e0 l\u2019avance pour que nous puissions r\u00e9pondre \u00e0 vos pr\u00e9occupations de mani\u00e8re appropri\u00e9e.<\/p>\n\t\t\t\t\t\t\t\t<\/div>\n\t\t\t\t<\/div>\n\t\t\t\t\t<\/div>\n\t\t<\/div>\n\t\t\t\t<div class=\"elementor-column elementor-col-33 elementor-top-column elementor-element elementor-element-b9ecaa3\" data-id=\"b9ecaa3\" data-element_type=\"column\">\n\t\t\t<div class=\"elementor-widget-wrap elementor-element-populated\">\n\t\t\t\t\t\t<div class=\"elementor-element elementor-element-ad89599 elementor-widget elementor-widget-heading\" data-id=\"ad89599\" data-element_type=\"widget\" data-widget_type=\"heading.default\">\n\t\t\t\t<div class=\"elementor-widget-container\">\n\t\t\t\t\t<h4 class=\"elementor-heading-title elementor-size-default\">Contact:<\/h4>\t\t\t\t<\/div>\n\t\t\t\t<\/div>\n\t\t\t\t<div class=\"elementor-element elementor-element-e0ad4bf elementor-widget elementor-widget-text-editor\" data-id=\"e0ad4bf\" data-element_type=\"widget\" data-widget_type=\"text-editor.default\">\n\t\t\t\t<div class=\"elementor-widget-container\">\n\t\t\t\t\t\t\t\t\t<p><strong style=\"color: #54595f; font-family: 'Titillium Web', sans-serif;\">Bettina Deuschle\u00a0<br \/><\/strong>Fachbereich Frauen und Migration<br \/>0761-151 4664-16<br \/><a href=\"mailto:bettina.deuschle@checkpointaidshilfe.de\">bettina.deuschle@checkpointaidshilfe.de<\/a><\/p>\t\t\t\t\t\t\t\t<\/div>\n\t\t\t\t<\/div>\n\t\t\t\t\t<\/div>\n\t\t<\/div>\n\t\t\t\t\t<\/div>\n\t\t<\/section>\n\t\t\t\t<\/div>\n\t\t","protected":false},"excerpt":{"rendered":"<p>Conseil, accompagnement et aides pour les personnes vivant avec le VIH\/sida ou d\u2019autres infections sexuellement transmissibles (IST) Nous conseillons et accompagnons les personnes vivant avec&hellip;<\/p>\n","protected":false},"author":1,"featured_media":0,"parent":1448,"menu_order":0,"comment_status":"closed","ping_status":"closed","template":"","meta":{"footnotes":""},"class_list":["post-1515","page","type-page","status-publish","hentry"],"publishpress_future_action":{"enabled":false,"date":"2026-05-09 10:08:15","action":"change-status","newStatus":"draft","terms":[],"taxonomy":"translation_priority","extraData":[]},"publishpress_future_workflow_manual_trigger":{"enabledWorkflows":[]},"_links":{"self":[{"href":"https:\/\/aids-hilfe-freiburg.de\/fr\/wp-json\/wp\/v2\/pages\/1515","targetHints":{"allow":["GET"]}}],"collection":[{"href":"https:\/\/aids-hilfe-freiburg.de\/fr\/wp-json\/wp\/v2\/pages"}],"about":[{"href":"https:\/\/aids-hilfe-freiburg.de\/fr\/wp-json\/wp\/v2\/types\/page"}],"author":[{"embeddable":true,"href":"https:\/\/aids-hilfe-freiburg.de\/fr\/wp-json\/wp\/v2\/users\/1"}],"replies":[{"embeddable":true,"href":"https:\/\/aids-hilfe-freiburg.de\/fr\/wp-json\/wp\/v2\/comments?post=1515"}],"version-history":[{"count":6,"href":"https:\/\/aids-hilfe-freiburg.de\/fr\/wp-json\/wp\/v2\/pages\/1515\/revisions"}],"predecessor-version":[{"id":4316,"href":"https:\/\/aids-hilfe-freiburg.de\/fr\/wp-json\/wp\/v2\/pages\/1515\/revisions\/4316"}],"up":[{"embeddable":true,"href":"https:\/\/aids-hilfe-freiburg.de\/fr\/wp-json\/wp\/v2\/pages\/1448"}],"wp:attachment":[{"href":"https:\/\/aids-hilfe-freiburg.de\/fr\/wp-json\/wp\/v2\/media?parent=1515"}],"curies":[{"name":"wp","href":"https:\/\/api.w.org\/{rel}","templated":true}]}}

<div data-elementor-type="wp-post" data-elementor-id="1515" class="elementor elementor-1515 elementor-545" data-elementor-post-type="page">
						<section data-particle_enable="false" data-particle-mobile-disabled="false" class="elementor-section elementor-top-section elementor-element elementor-element-b85d6bf elementor-section-boxed elementor-section-height-default elementor-section-height-default" data-id="b85d6bf" data-element_type="section">
						<div class="elementor-container elementor-column-gap-default">
					<div class="elementor-column elementor-col-100 elementor-top-column elementor-element elementor-element-01e0bf7" data-id="01e0bf7" data-element_type="column">
			<div class="elementor-widget-wrap elementor-element-populated">
						<div class="elementor-element elementor-element-99d8509 elementor-widget elementor-widget-heading" data-id="99d8509" data-element_type="widget" data-widget_type="heading.default">
				<div class="elementor-widget-container">
					<h4 class="elementor-heading-title elementor-size-default">Conseil, accompagnement et aides</h4>				</div>
				</div>
					</div>
		</div>
					</div>
		</section>
				<section data-particle_enable="false" data-particle-mobile-disabled="false" class="elementor-section elementor-top-section elementor-element elementor-element-84c1973 elementor-section-boxed elementor-section-height-default elementor-section-height-default" data-id="84c1973" data-element_type="section">
						<div class="elementor-container elementor-column-gap-default">
					<div class="elementor-column elementor-col-66 elementor-top-column elementor-element elementor-element-c0ede96" data-id="c0ede96" data-element_type="column">
			<div class="elementor-widget-wrap elementor-element-populated">
						<div class="elementor-element elementor-element-0a3e0c6 elementor-widget elementor-widget-image" data-id="0a3e0c6" data-element_type="widget" data-widget_type="image.default">
				<div class="elementor-widget-container">
															<img fetchpriority="high" decoding="async" width="800" height="440" src="https://aids-hilfe-freiburg.de/wp-content/uploads/2018/10/beratung_begleitung.jpg" class="attachment-large size-large wp-image-1430" alt="Beratungssituation mit zwei Personen" srcset="https://aids-hilfe-freiburg.de/wp-content/uploads/2018/10/beratung_begleitung.jpg 800w, https://aids-hilfe-freiburg.de/wp-content/uploads/2018/10/beratung_begleitung-300x165.jpg 300w, https://aids-hilfe-freiburg.de/wp-content/uploads/2018/10/beratung_begleitung-768x422.jpg 768w" sizes="(max-width: 800px) 100vw, 800px" />															</div>
				</div>
				<div class="elementor-element elementor-element-b1e4dbd elementor-widget elementor-widget-text-editor" data-id="b1e4dbd" data-element_type="widget" data-widget_type="text-editor.default">
				<div class="elementor-widget-container">
									<p><strong>pour les personnes vivant avec le VIH/sida ou d’autres infections sexuellement transmissibles (IST)</strong></p>
<p>Nous conseillons et accompagnons les personnes vivant avec le VIH/sida ou d’autres infections sexuellement transmissibles (IST) dans toutes les phases de leur maladie (chronique). Leurs proches peuvent aussi profiter de nos services de conseil. Voici ce que nous vous proposons :</p>
<p>-conseil en droit social <em>(« Sozialgesetzbuch », Code allemand de la sécurité sociale, livres  II, V, VI, XI et XII)</em>,</p>
<p>-conseil sur les questions médicales autour du VIH et des IST,</p>
<p>-conseil  psychosocial <em>(p. ex. diagnostic initial, couple et famille, VIH et carrière, santé mentale et bien plus encore)</em>,</p>
<p>-accompagnement et aides dans des étapes particulières de la vie <em>(p. ex. graves problèmes de santé, difficultés financières et minimum vital, tournants de la vie professionnelle, vivre avec le VIH et vieillir, grossesse et accouchement, fuite et migration, période de transition vers des soins ou une assistance en institution, accompagnement en prison, etc.)</em>.</p>
<p>Nous sommes soumis au secret professionnel selon le § 203 du « Strafgesetzbuch » (Code pénal allemand) et nous vous garantissons le plus strict anonymat. Merci de <strong>prendre rendez-vous</strong> à l’avance pour que nous puissions répondre à vos préoccupations de manière appropriée.</p>
								</div>
				</div>
					</div>
		</div>
				<div class="elementor-column elementor-col-33 elementor-top-column elementor-element elementor-element-b9ecaa3" data-id="b9ecaa3" data-element_type="column">
			<div class="elementor-widget-wrap elementor-element-populated">
						<div class="elementor-element elementor-element-ad89599 elementor-widget elementor-widget-heading" data-id="ad89599" data-element_type="widget" data-widget_type="heading.default">
				<div class="elementor-widget-container">
					<h4 class="elementor-heading-title elementor-size-default">Contact:</h4>				</div>
				</div>
				<div class="elementor-element elementor-element-e0ad4bf elementor-widget elementor-widget-text-editor" data-id="e0ad4bf" data-element_type="widget" data-widget_type="text-editor.default">
				<div class="elementor-widget-container">
									<p><strong style="color: #54595f; font-family: 'Titillium Web', sans-serif;">Bettina Deuschle <br /></strong>Fachbereich Frauen und Migration<br />0761-151 4664-16<br /><a href="mailto:bettina.deuschle@checkpointaidshilfe.de">bettina.deuschle@checkpointaidshilfe.de</a></p>								</div>
				</div>
					</div>
		</div>
					</div>
		</section>
				</div>
