{"id":1532,"date":"2019-04-10T11:29:24","date_gmt":"2019-04-10T11:29:24","guid":{"rendered":"https:\/\/aids-hilfe-freiburg.de\/je-suis-positif\/reunions-dinformation-medicale"},"modified":"2022-04-29T10:19:50","modified_gmt":"2022-04-29T10:19:50","slug":"reunions-dinformation-medicale","status":"publish","type":"page","link":"https:\/\/aids-hilfe-freiburg.de\/fr\/je-suis-positif\/reunions-dinformation-medicale\/","title":{"rendered":"R\u00e9unions d\u2019information m\u00e9dicale"},"content":{"rendered":"\t\t<div data-elementor-type=\"wp-post\" data-elementor-id=\"1532\" class=\"elementor elementor-1532 elementor-553\" data-elementor-post-type=\"page\">\n\t\t\t\t\t\t<section data-particle_enable=\"false\" data-particle-mobile-disabled=\"false\" class=\"elementor-section elementor-top-section elementor-element elementor-element-740562b elementor-section-boxed elementor-section-height-default elementor-section-height-default\" data-id=\"740562b\" data-element_type=\"section\">\n\t\t\t\t\t\t<div class=\"elementor-container elementor-column-gap-default\">\n\t\t\t\t\t<div class=\"elementor-column elementor-col-100 elementor-top-column elementor-element elementor-element-0b0d282\" data-id=\"0b0d282\" data-element_type=\"column\">\n\t\t\t<div class=\"elementor-widget-wrap elementor-element-populated\">\n\t\t\t\t\t\t<div class=\"elementor-element elementor-element-013eefa elementor-widget elementor-widget-heading\" data-id=\"013eefa\" data-element_type=\"widget\" data-widget_type=\"heading.default\">\n\t\t\t\t<div class=\"elementor-widget-container\">\n\t\t\t\t\t<h4 class=\"elementor-heading-title elementor-size-default\">R\u00e9unions d\u2019information m\u00e9dicale   <\/h4>\t\t\t\t<\/div>\n\t\t\t\t<\/div>\n\t\t\t\t\t<\/div>\n\t\t<\/div>\n\t\t\t\t\t<\/div>\n\t\t<\/section>\n\t\t\t\t<section data-particle_enable=\"false\" data-particle-mobile-disabled=\"false\" class=\"elementor-section elementor-top-section elementor-element elementor-element-84c1973 elementor-section-boxed elementor-section-height-default elementor-section-height-default\" data-id=\"84c1973\" data-element_type=\"section\">\n\t\t\t\t\t\t<div class=\"elementor-container elementor-column-gap-default\">\n\t\t\t\t\t<div class=\"elementor-column elementor-col-50 elementor-top-column elementor-element elementor-element-c0ede96\" data-id=\"c0ede96\" data-element_type=\"column\">\n\t\t\t<div class=\"elementor-widget-wrap elementor-element-populated\">\n\t\t\t\t\t\t<div class=\"elementor-element elementor-element-37f2075 elementor-widget elementor-widget-image\" data-id=\"37f2075\" data-element_type=\"widget\" data-widget_type=\"image.default\">\n\t\t\t\t<div class=\"elementor-widget-container\">\n\t\t\t\t\t\t\t\t\t\t\t\t\t\t\t<img fetchpriority=\"high\" decoding=\"async\" width=\"800\" height=\"440\" src=\"https:\/\/aids-hilfe-freiburg.de\/wp-content\/uploads\/2018\/10\/med_infoveranstaltungen.jpg\" class=\"attachment-large size-large wp-image-1434\" alt=\"Eine Frau h\u00e4lt einen Vortrag vor sitzenden Menschen\" srcset=\"https:\/\/aids-hilfe-freiburg.de\/wp-content\/uploads\/2018\/10\/med_infoveranstaltungen.jpg 800w, https:\/\/aids-hilfe-freiburg.de\/wp-content\/uploads\/2018\/10\/med_infoveranstaltungen-300x165.jpg 300w, https:\/\/aids-hilfe-freiburg.de\/wp-content\/uploads\/2018\/10\/med_infoveranstaltungen-768x422.jpg 768w\" sizes=\"(max-width: 800px) 100vw, 800px\" \/>\t\t\t\t\t\t\t\t\t\t\t\t\t\t\t<\/div>\n\t\t\t\t<\/div>\n\t\t\t\t<div class=\"elementor-element elementor-element-b1e4dbd elementor-widget elementor-widget-text-editor\" data-id=\"b1e4dbd\" data-element_type=\"widget\" data-widget_type=\"text-editor.default\">\n\t\t\t\t<div class=\"elementor-widget-container\">\n\t\t\t\t\t\t\t\t\t<p><strong>pour les personnes vivant avec le VIH\/sida, les conseiller\u00b7\u00e8re\u00b7s et les m\u00e9decins<\/strong><\/p>\n<p>&nbsp;<\/p>\n<p>M\u00eame si un niveau \u00e9lev\u00e9 de traitement des infections au VIH est atteint, il y a encore de nombreuses \u00e9volutions m\u00e9dicales et des d\u00e9couvertes concernant \u00a0ce qui peut aider \u00e0 stabiliser la qualit\u00e9 de vie avec le VIH. C\u2019est pourquoi nous organisons des r\u00e9unions d\u2019information m\u00e9dicale sur des th\u00e8mes d\u2019actualit\u00e9 plusieurs fois par an.<\/p>\n\t\t\t\t\t\t\t\t<\/div>\n\t\t\t\t<\/div>\n\t\t\t\t\t<\/div>\n\t\t<\/div>\n\t\t\t\t<div class=\"elementor-column elementor-col-50 elementor-top-column elementor-element elementor-element-b9ecaa3\" data-id=\"b9ecaa3\" data-element_type=\"column\">\n\t\t\t<div class=\"elementor-widget-wrap elementor-element-populated\">\n\t\t\t\t\t\t<div class=\"elementor-element elementor-element-902ae3d elementor-widget elementor-widget-heading\" data-id=\"902ae3d\" data-element_type=\"widget\" data-widget_type=\"heading.default\">\n\t\t\t\t<div class=\"elementor-widget-container\">\n\t\t\t\t\t<h4 class=\"elementor-heading-title elementor-size-default\">   Contact:<\/h4>\t\t\t\t<\/div>\n\t\t\t\t<\/div>\n\t\t\t\t<div class=\"elementor-element elementor-element-f062d54 elementor-widget elementor-widget-text-editor\" data-id=\"f062d54\" data-element_type=\"widget\" data-widget_type=\"text-editor.default\">\n\t\t\t\t<div class=\"elementor-widget-container\">\n\t\t\t\t\t\t\t\t\t<p><strong>Andreas Fahrh\u00f6fer<\/strong><br \/>Fachbereich Beratung und Betreuung<br \/>0761-151 4664-13<br \/><a href=\"mailto:andreas.fahrhoefer@checkpointaidshilfe.de\">andreas.fahrhoefer@checkpointaidshilfe.de<\/a><\/p>\t\t\t\t\t\t\t\t<\/div>\n\t\t\t\t<\/div>\n\t\t\t\t<div class=\"elementor-element elementor-element-bf45294 elementor-widget elementor-widget-image\" data-id=\"bf45294\" data-element_type=\"widget\" data-widget_type=\"image.default\">\n\t\t\t\t<div class=\"elementor-widget-container\">\n\t\t\t\t\t\t\t\t\t\t\t\t\t\t\t<img decoding=\"async\" width=\"219\" height=\"300\" src=\"https:\/\/aids-hilfe-freiburg.de\/wp-content\/uploads\/2019\/01\/HP-Kleines-Bild-219x300.jpg\" class=\"attachment-medium size-medium wp-image-1530\" alt=\"\" srcset=\"https:\/\/aids-hilfe-freiburg.de\/wp-content\/uploads\/2019\/01\/HP-Kleines-Bild-219x300.jpg 219w, https:\/\/aids-hilfe-freiburg.de\/wp-content\/uploads\/2019\/01\/HP-Kleines-Bild-768x1050.jpg 768w, https:\/\/aids-hilfe-freiburg.de\/wp-content\/uploads\/2019\/01\/HP-Kleines-Bild-749x1024.jpg 749w, https:\/\/aids-hilfe-freiburg.de\/wp-content\/uploads\/2019\/01\/HP-Kleines-Bild.jpg 866w\" sizes=\"(max-width: 219px) 100vw, 219px\" \/>\t\t\t\t\t\t\t\t\t\t\t\t\t\t\t<\/div>\n\t\t\t\t<\/div>\n\t\t\t\t<div class=\"elementor-element elementor-element-41fad97 elementor-widget elementor-widget-text-editor\" data-id=\"41fad97\" data-element_type=\"widget\" data-widget_type=\"text-editor.default\">\n\t\t\t\t<div class=\"elementor-widget-container\">\n\t\t\t\t\t\t\t\t\t<p>zum Downloaden als pfd:<br \/>\n<strong><a href=\"https:\/\/aids-hilfe-freiburg.de\/wp-content\/uploads\/2019\/01\/Veranstaltungskalender-2019.pdf\">Veranstaltungskalender 2019<\/a><\/strong><\/p>\n\t\t\t\t\t\t\t\t<\/div>\n\t\t\t\t<\/div>\n\t\t\t\t\t<\/div>\n\t\t<\/div>\n\t\t\t\t\t<\/div>\n\t\t<\/section>\n\t\t\t\t<\/div>\n\t\t","protected":false},"excerpt":{"rendered":"<p>R\u00e9unions d\u2019information m\u00e9dicale pour les personnes vivant avec le VIH\/sida, les conseiller\u00b7\u00e8re\u00b7s et les m\u00e9decins &nbsp; M\u00eame si un niveau \u00e9lev\u00e9 de traitement des infections&hellip;<\/p>\n","protected":false},"author":1,"featured_media":0,"parent":1448,"menu_order":0,"comment_status":"closed","ping_status":"closed","template":"","meta":{"footnotes":""},"class_list":["post-1532","page","type-page","status-publish","hentry"],"publishpress_future_action":{"enabled":false,"date":"2026-05-07 07:58:53","action":"change-status","newStatus":"draft","terms":[],"taxonomy":"translation_priority","extraData":[]},"publishpress_future_workflow_manual_trigger":{"enabledWorkflows":[]},"_links":{"self":[{"href":"https:\/\/aids-hilfe-freiburg.de\/fr\/wp-json\/wp\/v2\/pages\/1532","targetHints":{"allow":["GET"]}}],"collection":[{"href":"https:\/\/aids-hilfe-freiburg.de\/fr\/wp-json\/wp\/v2\/pages"}],"about":[{"href":"https:\/\/aids-hilfe-freiburg.de\/fr\/wp-json\/wp\/v2\/types\/page"}],"author":[{"embeddable":true,"href":"https:\/\/aids-hilfe-freiburg.de\/fr\/wp-json\/wp\/v2\/users\/1"}],"replies":[{"embeddable":true,"href":"https:\/\/aids-hilfe-freiburg.de\/fr\/wp-json\/wp\/v2\/comments?post=1532"}],"version-history":[{"count":6,"href":"https:\/\/aids-hilfe-freiburg.de\/fr\/wp-json\/wp\/v2\/pages\/1532\/revisions"}],"predecessor-version":[{"id":4334,"href":"https:\/\/aids-hilfe-freiburg.de\/fr\/wp-json\/wp\/v2\/pages\/1532\/revisions\/4334"}],"up":[{"embeddable":true,"href":"https:\/\/aids-hilfe-freiburg.de\/fr\/wp-json\/wp\/v2\/pages\/1448"}],"wp:attachment":[{"href":"https:\/\/aids-hilfe-freiburg.de\/fr\/wp-json\/wp\/v2\/media?parent=1532"}],"curies":[{"name":"wp","href":"https:\/\/api.w.org\/{rel}","templated":true}]}}

Réunions d’information médicale

<div data-elementor-type="wp-post" data-elementor-id="1532" class="elementor elementor-1532 elementor-553" data-elementor-post-type="page">
						<section data-particle_enable="false" data-particle-mobile-disabled="false" class="elementor-section elementor-top-section elementor-element elementor-element-740562b elementor-section-boxed elementor-section-height-default elementor-section-height-default" data-id="740562b" data-element_type="section">
						<div class="elementor-container elementor-column-gap-default">
					<div class="elementor-column elementor-col-100 elementor-top-column elementor-element elementor-element-0b0d282" data-id="0b0d282" data-element_type="column">
			<div class="elementor-widget-wrap elementor-element-populated">
						<div class="elementor-element elementor-element-013eefa elementor-widget elementor-widget-heading" data-id="013eefa" data-element_type="widget" data-widget_type="heading.default">
				<div class="elementor-widget-container">
					<h4 class="elementor-heading-title elementor-size-default">Réunions d’information médicale   </h4>				</div>
				</div>
					</div>
		</div>
					</div>
		</section>
				<section data-particle_enable="false" data-particle-mobile-disabled="false" class="elementor-section elementor-top-section elementor-element elementor-element-84c1973 elementor-section-boxed elementor-section-height-default elementor-section-height-default" data-id="84c1973" data-element_type="section">
						<div class="elementor-container elementor-column-gap-default">
					<div class="elementor-column elementor-col-50 elementor-top-column elementor-element elementor-element-c0ede96" data-id="c0ede96" data-element_type="column">
			<div class="elementor-widget-wrap elementor-element-populated">
						<div class="elementor-element elementor-element-37f2075 elementor-widget elementor-widget-image" data-id="37f2075" data-element_type="widget" data-widget_type="image.default">
				<div class="elementor-widget-container">
															<img fetchpriority="high" decoding="async" width="800" height="440" src="https://aids-hilfe-freiburg.de/wp-content/uploads/2018/10/med_infoveranstaltungen.jpg" class="attachment-large size-large wp-image-1434" alt="Eine Frau hält einen Vortrag vor sitzenden Menschen" srcset="https://aids-hilfe-freiburg.de/wp-content/uploads/2018/10/med_infoveranstaltungen.jpg 800w, https://aids-hilfe-freiburg.de/wp-content/uploads/2018/10/med_infoveranstaltungen-300x165.jpg 300w, https://aids-hilfe-freiburg.de/wp-content/uploads/2018/10/med_infoveranstaltungen-768x422.jpg 768w" sizes="(max-width: 800px) 100vw, 800px" />															</div>
				</div>
				<div class="elementor-element elementor-element-b1e4dbd elementor-widget elementor-widget-text-editor" data-id="b1e4dbd" data-element_type="widget" data-widget_type="text-editor.default">
				<div class="elementor-widget-container">
									<p><strong>pour les personnes vivant avec le VIH/sida, les conseiller·ère·s et les médecins</strong></p>
<p>&nbsp;</p>
<p>Même si un niveau élevé de traitement des infections au VIH est atteint, il y a encore de nombreuses évolutions médicales et des découvertes concernant  ce qui peut aider à stabiliser la qualité de vie avec le VIH. C’est pourquoi nous organisons des réunions d’information médicale sur des thèmes d’actualité plusieurs fois par an.</p>
								</div>
				</div>
					</div>
		</div>
				<div class="elementor-column elementor-col-50 elementor-top-column elementor-element elementor-element-b9ecaa3" data-id="b9ecaa3" data-element_type="column">
			<div class="elementor-widget-wrap elementor-element-populated">
						<div class="elementor-element elementor-element-902ae3d elementor-widget elementor-widget-heading" data-id="902ae3d" data-element_type="widget" data-widget_type="heading.default">
				<div class="elementor-widget-container">
					<h4 class="elementor-heading-title elementor-size-default">   Contact:</h4>				</div>
				</div>
				<div class="elementor-element elementor-element-f062d54 elementor-widget elementor-widget-text-editor" data-id="f062d54" data-element_type="widget" data-widget_type="text-editor.default">
				<div class="elementor-widget-container">
									<p><strong>Andreas Fahrhöfer</strong><br />Fachbereich Beratung und Betreuung<br />0761-151 4664-13<br /><a href="mailto:andreas.fahrhoefer@checkpointaidshilfe.de">andreas.fahrhoefer@checkpointaidshilfe.de</a></p>								</div>
				</div>
				<div class="elementor-element elementor-element-bf45294 elementor-widget elementor-widget-image" data-id="bf45294" data-element_type="widget" data-widget_type="image.default">
				<div class="elementor-widget-container">
															<img decoding="async" width="219" height="300" src="https://aids-hilfe-freiburg.de/wp-content/uploads/2019/01/HP-Kleines-Bild-219x300.jpg" class="attachment-medium size-medium wp-image-1530" alt="" srcset="https://aids-hilfe-freiburg.de/wp-content/uploads/2019/01/HP-Kleines-Bild-219x300.jpg 219w, https://aids-hilfe-freiburg.de/wp-content/uploads/2019/01/HP-Kleines-Bild-768x1050.jpg 768w, https://aids-hilfe-freiburg.de/wp-content/uploads/2019/01/HP-Kleines-Bild-749x1024.jpg 749w, https://aids-hilfe-freiburg.de/wp-content/uploads/2019/01/HP-Kleines-Bild.jpg 866w" sizes="(max-width: 219px) 100vw, 219px" />															</div>
				</div>
				<div class="elementor-element elementor-element-41fad97 elementor-widget elementor-widget-text-editor" data-id="41fad97" data-element_type="widget" data-widget_type="text-editor.default">
				<div class="elementor-widget-container">
									<p>zum Downloaden als pfd:<br />
<strong><a href="https://aids-hilfe-freiburg.de/wp-content/uploads/2019/01/Veranstaltungskalender-2019.pdf">Veranstaltungskalender 2019</a></strong></p>
								</div>
				</div>
					</div>
		</div>
					</div>
		</section>
				</div>

<p>Réunions d’information médicale pour les personnes vivant avec le VIH/sida, les conseiller·ère·s et les médecins &nbsp; Même si un niveau élevé de traitement des infections&hellip;</p>
