{"id":1542,"date":"2019-04-10T11:35:41","date_gmt":"2019-04-10T11:35:41","guid":{"rendered":"https:\/\/aids-hilfe-freiburg.de\/je-suis-positif\/des-positifs-conseillent-des-positifs"},"modified":"2022-04-29T10:21:15","modified_gmt":"2022-04-29T10:21:15","slug":"des-positifs-conseillent-des-positifs","status":"publish","type":"page","link":"https:\/\/aids-hilfe-freiburg.de\/fr\/je-suis-positif\/des-positifs-conseillent-des-positifs\/","title":{"rendered":"Des positifs conseillent des positifs"},"content":{"rendered":"\t\t<div data-elementor-type=\"wp-post\" data-elementor-id=\"1542\" class=\"elementor elementor-1542 elementor-554\" data-elementor-post-type=\"page\">\n\t\t\t\t\t\t<section data-particle_enable=\"false\" data-particle-mobile-disabled=\"false\" class=\"elementor-section elementor-top-section elementor-element elementor-element-740562b elementor-section-boxed elementor-section-height-default elementor-section-height-default\" data-id=\"740562b\" data-element_type=\"section\">\n\t\t\t\t\t\t<div class=\"elementor-container elementor-column-gap-default\">\n\t\t\t\t\t<div class=\"elementor-column elementor-col-100 elementor-top-column elementor-element elementor-element-0b0d282\" data-id=\"0b0d282\" data-element_type=\"column\">\n\t\t\t<div class=\"elementor-widget-wrap elementor-element-populated\">\n\t\t\t\t\t\t<div class=\"elementor-element elementor-element-013eefa elementor-widget elementor-widget-heading\" data-id=\"013eefa\" data-element_type=\"widget\" data-widget_type=\"heading.default\">\n\t\t\t\t<div class=\"elementor-widget-container\">\n\t\t\t\t\t<h4 class=\"elementor-heading-title elementor-size-default\">Des positifs conseillent des positifs<\/h4>\t\t\t\t<\/div>\n\t\t\t\t<\/div>\n\t\t\t\t\t<\/div>\n\t\t<\/div>\n\t\t\t\t\t<\/div>\n\t\t<\/section>\n\t\t\t\t<section data-particle_enable=\"false\" data-particle-mobile-disabled=\"false\" class=\"elementor-section elementor-top-section elementor-element elementor-element-84c1973 elementor-section-boxed elementor-section-height-default elementor-section-height-default\" data-id=\"84c1973\" data-element_type=\"section\">\n\t\t\t\t\t\t<div class=\"elementor-container elementor-column-gap-default\">\n\t\t\t\t\t<div class=\"elementor-column elementor-col-66 elementor-top-column elementor-element elementor-element-c0ede96\" data-id=\"c0ede96\" data-element_type=\"column\">\n\t\t\t<div class=\"elementor-widget-wrap elementor-element-populated\">\n\t\t\t\t\t\t<div class=\"elementor-element elementor-element-74c791a elementor-widget elementor-widget-image\" data-id=\"74c791a\" data-element_type=\"widget\" data-widget_type=\"image.default\">\n\t\t\t\t<div class=\"elementor-widget-container\">\n\t\t\t\t\t\t\t\t\t\t\t\t\t\t\t<img fetchpriority=\"high\" decoding=\"async\" width=\"800\" height=\"440\" src=\"https:\/\/aids-hilfe-freiburg.de\/wp-content\/uploads\/2018\/10\/positive_beraten.jpg\" class=\"attachment-large size-large wp-image-1435\" alt=\"Beratungssituation mit zwei jungen Menschen\" srcset=\"https:\/\/aids-hilfe-freiburg.de\/wp-content\/uploads\/2018\/10\/positive_beraten.jpg 800w, https:\/\/aids-hilfe-freiburg.de\/wp-content\/uploads\/2018\/10\/positive_beraten-300x165.jpg 300w, https:\/\/aids-hilfe-freiburg.de\/wp-content\/uploads\/2018\/10\/positive_beraten-768x422.jpg 768w\" sizes=\"(max-width: 800px) 100vw, 800px\" \/>\t\t\t\t\t\t\t\t\t\t\t\t\t\t\t<\/div>\n\t\t\t\t<\/div>\n\t\t\t\t<div class=\"elementor-element elementor-element-b1e4dbd elementor-widget elementor-widget-text-editor\" data-id=\"b1e4dbd\" data-element_type=\"widget\" data-widget_type=\"text-editor.default\">\n\t\t\t\t<div class=\"elementor-widget-container\">\n\t\t\t\t\t\t\t\t\t<p>\u00ab\u00a0P.U.M.A. \u2013 Positive Unterst\u00fctzung, miteinander aktiv\u00a0\u00bb (soutien positif, actifs ensemble)<\/p>\n<p>Nos collaborateur\u2219rice\u2219s b\u00e9n\u00e9voles dans le domaine du conseil, de l\u2019accompagnement et des aides savent de quoi elles\u00b7ils parlent. En effet, elles\u00b7ils vivent avec le VIH depuis de nombreuses ann\u00e9es. Fort\u2219e\u2219s de leur exp\u00e9rience et d\u2019une formation qualifi\u00e9e de conseiller\u2219\u00e8re, elles\u2219ils peuvent aider les personnes qui viennent d\u2019\u00eatre diagnostiqu\u00e9es \u00e0 vivre de mani\u00e8re \u00ab\u00a0positive\u00a0\u00bb avec l\u2019infection au VIH et \u00e0 l\u2019int\u00e9grer dans leur vie quotidienne. Notre centre de conseil peut vous mettre en contact avec un\u00b7e de nos conseiller\u00b7\u00e8re\u00b7s b\u00e9n\u00e9voles. Nous vous garantissons bien entendu la confidentialit\u00e9 et le respect du secret professionnel.<\/p>\n\t\t\t\t\t\t\t\t<\/div>\n\t\t\t\t<\/div>\n\t\t\t\t\t<\/div>\n\t\t<\/div>\n\t\t\t\t<div class=\"elementor-column elementor-col-33 elementor-top-column elementor-element elementor-element-b9ecaa3\" data-id=\"b9ecaa3\" data-element_type=\"column\">\n\t\t\t<div class=\"elementor-widget-wrap elementor-element-populated\">\n\t\t\t\t\t\t<div class=\"elementor-element elementor-element-49c9833 elementor-widget elementor-widget-heading\" data-id=\"49c9833\" data-element_type=\"widget\" data-widget_type=\"heading.default\">\n\t\t\t\t<div class=\"elementor-widget-container\">\n\t\t\t\t\t<h4 class=\"elementor-heading-title elementor-size-default\">   Contact:<\/h4>\t\t\t\t<\/div>\n\t\t\t\t<\/div>\n\t\t\t\t<div class=\"elementor-element elementor-element-faef360 elementor-widget elementor-widget-text-editor\" data-id=\"faef360\" data-element_type=\"widget\" data-widget_type=\"text-editor.default\">\n\t\t\t\t<div class=\"elementor-widget-container\">\n\t\t\t\t\t\t\t\t\t<p><strong>Andreas Fahrh\u00f6fer<\/strong><br \/>Fachbereich Beratung und Betreuung<br \/>0761-151 4664-13<br \/><a href=\"mailto:andreas.fahrhoefer@checkpointaidshilfe.de\">andreas.fahrhoefer@checkpointaidshilfe.de<\/a><\/p>\t\t\t\t\t\t\t\t<\/div>\n\t\t\t\t<\/div>\n\t\t\t\t<div class=\"elementor-element elementor-element-6b8ec8a elementor-widget elementor-widget-text-editor\" data-id=\"6b8ec8a\" data-element_type=\"widget\" data-widget_type=\"text-editor.default\">\n\t\t\t\t<div class=\"elementor-widget-container\">\n\t\t\t\t\t\t\t\t\t<p>&nbsp;<\/p>\n\t\t\t\t\t\t\t\t<\/div>\n\t\t\t\t<\/div>\n\t\t\t\t<div class=\"elementor-element elementor-element-db207b0 elementor-widget elementor-widget-text-editor\" data-id=\"db207b0\" data-element_type=\"widget\" data-widget_type=\"text-editor.default\">\n\t\t\t\t<div class=\"elementor-widget-container\">\n\t\t\t\t\t\t\t\t\t<p>&nbsp;<\/p>\n\t\t\t\t\t\t\t\t<\/div>\n\t\t\t\t<\/div>\n\t\t\t\t\t<\/div>\n\t\t<\/div>\n\t\t\t\t\t<\/div>\n\t\t<\/section>\n\t\t\t\t<\/div>\n\t\t","protected":false},"excerpt":{"rendered":"<p>Des positifs conseillent des positifs \u00ab\u00a0P.U.M.A. \u2013 Positive Unterst\u00fctzung, miteinander aktiv\u00a0\u00bb (soutien positif, actifs ensemble) Nos collaborateur\u2219rice\u2219s b\u00e9n\u00e9voles dans le domaine du conseil, de l\u2019accompagnement&hellip;<\/p>\n","protected":false},"author":1,"featured_media":0,"parent":1448,"menu_order":0,"comment_status":"closed","ping_status":"closed","template":"","meta":{"footnotes":""},"class_list":["post-1542","page","type-page","status-publish","hentry"],"publishpress_future_action":{"enabled":false,"date":"2026-05-08 05:05:57","action":"change-status","newStatus":"draft","terms":[],"taxonomy":"translation_priority","extraData":[]},"publishpress_future_workflow_manual_trigger":{"enabledWorkflows":[]},"_links":{"self":[{"href":"https:\/\/aids-hilfe-freiburg.de\/fr\/wp-json\/wp\/v2\/pages\/1542","targetHints":{"allow":["GET"]}}],"collection":[{"href":"https:\/\/aids-hilfe-freiburg.de\/fr\/wp-json\/wp\/v2\/pages"}],"about":[{"href":"https:\/\/aids-hilfe-freiburg.de\/fr\/wp-json\/wp\/v2\/types\/page"}],"author":[{"embeddable":true,"href":"https:\/\/aids-hilfe-freiburg.de\/fr\/wp-json\/wp\/v2\/users\/1"}],"replies":[{"embeddable":true,"href":"https:\/\/aids-hilfe-freiburg.de\/fr\/wp-json\/wp\/v2\/comments?post=1542"}],"version-history":[{"count":6,"href":"https:\/\/aids-hilfe-freiburg.de\/fr\/wp-json\/wp\/v2\/pages\/1542\/revisions"}],"predecessor-version":[{"id":4337,"href":"https:\/\/aids-hilfe-freiburg.de\/fr\/wp-json\/wp\/v2\/pages\/1542\/revisions\/4337"}],"up":[{"embeddable":true,"href":"https:\/\/aids-hilfe-freiburg.de\/fr\/wp-json\/wp\/v2\/pages\/1448"}],"wp:attachment":[{"href":"https:\/\/aids-hilfe-freiburg.de\/fr\/wp-json\/wp\/v2\/media?parent=1542"}],"curies":[{"name":"wp","href":"https:\/\/api.w.org\/{rel}","templated":true}]}}

<div data-elementor-type="wp-post" data-elementor-id="1542" class="elementor elementor-1542 elementor-554" data-elementor-post-type="page">
						<section data-particle_enable="false" data-particle-mobile-disabled="false" class="elementor-section elementor-top-section elementor-element elementor-element-740562b elementor-section-boxed elementor-section-height-default elementor-section-height-default" data-id="740562b" data-element_type="section">
						<div class="elementor-container elementor-column-gap-default">
					<div class="elementor-column elementor-col-100 elementor-top-column elementor-element elementor-element-0b0d282" data-id="0b0d282" data-element_type="column">
			<div class="elementor-widget-wrap elementor-element-populated">
						<div class="elementor-element elementor-element-013eefa elementor-widget elementor-widget-heading" data-id="013eefa" data-element_type="widget" data-widget_type="heading.default">
				<div class="elementor-widget-container">
					<h4 class="elementor-heading-title elementor-size-default">Des positifs conseillent des positifs</h4>				</div>
				</div>
					</div>
		</div>
					</div>
		</section>
				<section data-particle_enable="false" data-particle-mobile-disabled="false" class="elementor-section elementor-top-section elementor-element elementor-element-84c1973 elementor-section-boxed elementor-section-height-default elementor-section-height-default" data-id="84c1973" data-element_type="section">
						<div class="elementor-container elementor-column-gap-default">
					<div class="elementor-column elementor-col-66 elementor-top-column elementor-element elementor-element-c0ede96" data-id="c0ede96" data-element_type="column">
			<div class="elementor-widget-wrap elementor-element-populated">
						<div class="elementor-element elementor-element-74c791a elementor-widget elementor-widget-image" data-id="74c791a" data-element_type="widget" data-widget_type="image.default">
				<div class="elementor-widget-container">
															<img fetchpriority="high" decoding="async" width="800" height="440" src="https://aids-hilfe-freiburg.de/wp-content/uploads/2018/10/positive_beraten.jpg" class="attachment-large size-large wp-image-1435" alt="Beratungssituation mit zwei jungen Menschen" srcset="https://aids-hilfe-freiburg.de/wp-content/uploads/2018/10/positive_beraten.jpg 800w, https://aids-hilfe-freiburg.de/wp-content/uploads/2018/10/positive_beraten-300x165.jpg 300w, https://aids-hilfe-freiburg.de/wp-content/uploads/2018/10/positive_beraten-768x422.jpg 768w" sizes="(max-width: 800px) 100vw, 800px" />															</div>
				</div>
				<div class="elementor-element elementor-element-b1e4dbd elementor-widget elementor-widget-text-editor" data-id="b1e4dbd" data-element_type="widget" data-widget_type="text-editor.default">
				<div class="elementor-widget-container">
									<p>« P.U.M.A. – Positive Unterstützung, miteinander aktiv » (soutien positif, actifs ensemble)</p>
<p>Nos collaborateur∙rice∙s bénévoles dans le domaine du conseil, de l’accompagnement et des aides savent de quoi elles·ils parlent. En effet, elles·ils vivent avec le VIH depuis de nombreuses années. Fort∙e∙s de leur expérience et d’une formation qualifiée de conseiller∙ère, elles∙ils peuvent aider les personnes qui viennent d’être diagnostiquées à vivre de manière « positive » avec l’infection au VIH et à l’intégrer dans leur vie quotidienne. Notre centre de conseil peut vous mettre en contact avec un·e de nos conseiller·ère·s bénévoles. Nous vous garantissons bien entendu la confidentialité et le respect du secret professionnel.</p>
								</div>
				</div>
					</div>
		</div>
				<div class="elementor-column elementor-col-33 elementor-top-column elementor-element elementor-element-b9ecaa3" data-id="b9ecaa3" data-element_type="column">
			<div class="elementor-widget-wrap elementor-element-populated">
						<div class="elementor-element elementor-element-49c9833 elementor-widget elementor-widget-heading" data-id="49c9833" data-element_type="widget" data-widget_type="heading.default">
				<div class="elementor-widget-container">
					<h4 class="elementor-heading-title elementor-size-default">   Contact:</h4>				</div>
				</div>
				<div class="elementor-element elementor-element-faef360 elementor-widget elementor-widget-text-editor" data-id="faef360" data-element_type="widget" data-widget_type="text-editor.default">
				<div class="elementor-widget-container">
									<p><strong>Andreas Fahrhöfer</strong><br />Fachbereich Beratung und Betreuung<br />0761-151 4664-13<br /><a href="mailto:andreas.fahrhoefer@checkpointaidshilfe.de">andreas.fahrhoefer@checkpointaidshilfe.de</a></p>								</div>
				</div>
				<div class="elementor-element elementor-element-6b8ec8a elementor-widget elementor-widget-text-editor" data-id="6b8ec8a" data-element_type="widget" data-widget_type="text-editor.default">
				<div class="elementor-widget-container">
									<p>&nbsp;</p>
								</div>
				</div>
				<div class="elementor-element elementor-element-db207b0 elementor-widget elementor-widget-text-editor" data-id="db207b0" data-element_type="widget" data-widget_type="text-editor.default">
				<div class="elementor-widget-container">
									<p>&nbsp;</p>
								</div>
				</div>
					</div>
		</div>
					</div>
		</section>
				</div>

<p>Des positifs conseillent des positifs « P.U.M.A. – Positive Unterstützung, miteinander aktiv » (soutien positif, actifs ensemble) Nos collaborateur∙rice∙s bénévoles dans le domaine du conseil, de l’accompagnement&hellip;</p>
